 (base 4) to base 6.
-554311014
Convert -1111111111101111001110 (base 2) to base 8.
-17775716
Convert 141143 (base 5) to base 13.
2840
Convert 18032 (base 12) to base 3.
1202110102
What is 4a239 (base 12) in base 8?
304315
-8f325 (base 16) to base 9
-1083513
Convert -147043 (base 13) to base 8.
-1722353
What is 55142 (base 15) in base 13?
96044
-1111101000111100111000 (base 2) to base 7
-46564023
What is -1135567 (base 10) in base 13?
-309b44
Convert -111101100011100111000 (base 2) to base 9.
-3713820
-5112ed (base 15) to base 4
-32230110130
-1203110102 (base 4) to base 7
-3313004
What is 4334213 (base 7) in base 16?
81524
-163722 (base 15) to base 3
-2000121102112
What is -66242034 (base 7) in base 13?
-1243506
Convert -10351514 (base 6) to base 16.
-4bb86
13551444 (base 8) to base 15
4093a8
1a6932 (base 13) to base 4
2203332133
e41917 (base 15) to base 7
161063041
What is 1a5b2a (base 12) in base 7?
3651625
Convert 621a0 (base 13) to base 2.
101010111110111011
2889509 (base 11) to base 8
22731743
What is -2122313 (base 8) in base 2?
-10001010010011001011
What is -1365260 (base 10) in base 11?
-852816
Convert -221133210 (base 4) to base 10.
-169956
-ce08c (base 15) to base 9
-1207286
11000011101100000010 (base 2) to base 10
801538
-44103 (base 8) to base 15
-5734
What is 2076826 (base 9) in base 13?
2cccb2
5a2b91 (base 15) to base 2
10000011100110110100110
Convert -4462200 (base 7) to base 8.
-2070066
-327327 (base 8) to base 9
-177260
Convert 15ac2 (base 15) to base 6.
1255432
What is 220 (base 6) in base 8?
124
Convert 984383 (base 10) to base 13.
28609a
210111202122 (base 3) to base 5
102022002
What is 1cd1163 (base 14) in base 13?
300261b
Convert 2011133311 (base 4) to base 3.
1000210002001
5872739 (base 10) to base 6
325512335
Convert -6aa98 (base 12) to base 10.
-143252
Convert 103b64 (base 12) to base 5.
31140201
Convert -21023322 (base 5) to base 14.
-47391
1001111111011101011 (base 2) to base 9
548101
Convert 151081 (base 12) to base 6.
11332241
-201013032 (base 4) to base 15
-2a2c0
-14656270 (base 8) to base 5
-1330203242
Convert 113554132 (base 7) to base 6.
410510531
Convert 1065570 (base 9) to base 3.
1002012122100
Convert -181210 (base 13) to base 16.
-930d9
Convert -1210020103 (base 4) to base 10.
-410131
What is 121111001011 (base 3) in base 5?
40340221
What is -33b9801 (base 12) in base 10?
-9949249
What is 113112024 (base 5) in base 12?
210873
What is -11001000110100010110101 (base 2) in base 15?
-89eb3a
Convert -1319bc (base 16) to base 10.
-1251772
Convert -10000010001111100110 (base 2) to base 4.
-2002033212
59d429 (base 14) to base 9
5701088
What is a47147 (base 12) in base 14?
4b375d
What is -4001434 (base 5) in base 12?
-30388
Convert 22112211211022 (base 3) to base 2.
10001010101010011110010
What is -105563 (base 10) in base 8?
-316133
What is 1011001010001011 (base 2) in base 6?
551335
What is 24b9ca (base 14) in base 8?
4637576
Convert -1aa531 (base 14) to base 5.
-220403242
233156 (base 16) to base 5
1042301030
What is -154500 (base 8) in base 10?
-55616
What is 11202342 (base 5) in base 10?
100347
Convert -23223112 (base 5) to base 4.
-303201120
Convert -13da88 (base 16) to base 15.
-1aa7bd
What is 122130223 (base 5) in base 4?
2032120110
Convert -22340344 (base 5) to base 10.
-199474
Convert 1101001100110101101 (base 2) to base 10.
432557
Convert 111100011100000111001 (base 2) to base 10.
1980473
3ac527 (base 13) to base 4
11130110223
Convert -2057a1 (base 14) to base 16.
-10a541
Convert -3b963b (base 15) to base 16.
-2bbe5d
What is -29a07 (base 15) in base 4?
-200223322
Convert -210111100110120 (base 3) to base 4.
-223210311000
Convert -211210020000020 (base 3) to base 4.
-232030121301
-1120100102 (base 3) to base 15
-9232
What is d4726 (base 16) in base 7?
10252655
What is 21011411 (base 5) in base 4?
222022323
Convert 34324421 (base 5) to base 7.
2422166
-2544256 (base 10) to base 9
-4707051
Convert -102353143 (base 6) to base 5.
-430202242
Convert -1bb036 (base 12) to base 5.
-111332403
Convert 162469 (base 13) to base 2.
10000101101111101000
What is -324881 (base 9) in base 4?
-233111302
1101011021100 (base 3) to base 13
1c7b95
681758 (base 10) to base 5
133304013
558047 (base 12) to base 14
276379
Convert 5122210 (base 6) to base 11.
157492
What is 364330 (base 7) in base 6?
1231131
-841550 (base 10) to base 2
-11001101011101001110
25724756 (base 8) to base 15
7873de
Convert -1161141 (base 8) to base 13.
-b290b
-22500515 (base 6) to base 14
-1403cb
What is 5803572 (base 11) in base 3?
201002201101220
What is -10000001010101000110100 (base 2) in base 9?
-7868241
Convert 246328 (base 10) to base 15.
4cebd
Convert 16082a9 (base 11) to base 5.
1200431001
What is -283265 (base 9) in base 2?
-101010001111000010
-4b108 (base 16) to base 6
-10331240
What is -6208 (base 10) in base 14?
-2396
Convert -25c739 (base 15) to base 12.
-735930
-4606a (base 11) to base 14
-1a3d0
What is -11122221201100 (base 3) in base 2?
-1001011101010000010010
1431556 (base 7) to base 5
22131314
What is -1475b3 (base 14) in base 2?
-10101101110010011001
-1060761 (base 10) to base 11
-664a69
What is 40403032 (base 6) in base 2?
100011001001000011100
Convert 11003102 (base 4) to base 16.
50d2
What is -30303332 (base 4) in base 14?
-151a6
Convert 130322220 (base 4) to base 11.
80a93
Convert -1aa485 (base 11) to base 4.
-1032131010
What is -53035504 (base 6) in base 7?
-16062535
Convert -1260410 (base 8) to base 7.
-2665520
Convert -112312554 (base 7) to base 14.
-cb04d4
Convert -19141 (base 10) to base 2.
-100101011000101
What is -12207a (base 16) in base 9?
-2210517
What is -10353312 (base 6) in base 13?
-ab443
What is a1344 (base 11) in base 10?
148152
What is 323202303011 (base 4) in base 6?
1314320005
Convert 53400001 (base 6) to base 9.
2853601
Convert -729a7 (base 11) to base 8.
-317563
6829760 (base 10) to base 6
402215132
Convert 68817 (base 12) to base 13.
4b5bc
1d2ac3 (base 16) to base 8
7225303
-83332 (base 10) to base 2
-10100010110000100
What is -1b2ec3 (base 15) in base 12?
-53b679
Convert 9965843 (base 10) to base 11.
5697538
What is 3788049 (base 10) in base 15?
4ec5b9
Convert -1669255 (base 10) to base 6.
-55440011
What is 639353 (base 12) in base 8?
5774657
Convert -b7a53 (base 13) to base 16.
-50e2c
Convert -121333302 (base 5) to base 6.
-20150202
What is -d501 (base 14) in base 7?
-211601
Convert 21120200021110 (base 3) to base 2.
1111010111100011101111
-2c0b8 (base 14) to base 4
-122311202
What is 1442631 (base 7) in base 10?
195483
What is 161b51 (base 14) in base 5?
144221131
Convert 4dfb5 (base 16) to base 12.
134a19
4c45 (base 13) to base 11
8195
-699ead (base 15) to base 14
-954a95
-c2769 (base 14) to base 12
-1a6975
Convert 283504 (base 12) to base 14.
135d88
-306369 (base 11) to base 13
-142998
Convert -110110110000101100000 (base 2) to base 14.
-349d16
Convert 44099 (base 11) to base 14.
19472
Convert -101011000011011000110 (base 2) to base 8.
-5303306
-143230001 (base 5) to base 8
-2710556
What is 1005ba (base 16) in base 3?
1222100101110
What is -11000101011110011110111 (base 2) in base 10?
-6470903
Convert -22011002201 (base 3) to base 7.
-1235536
What is 1203210312 (base 4) in base 10?
407862
Convert c038 (base 16) to base 6.
1015452
371041 (base 9) to base 5
24130330
-222521405 (base 6) to base 9
-7558345
323113003 (base 4) to base 10
243139
What is -4214131411 (base 5) in base 2?
-100001010101101100010110
What is -4a48117 (base 12) in base 11?
-8223aa2
-93934 (base 12) to base 3
-100210221111
-3887052 (base 9) to base 6
-113310545
Convert 1122001222121 (base 3) to base 6.
30332111
What is -218c07 (base 15) in base 8?
-6063152
Convert -4385414 (base 9) to base 11.
-1371702
What is -2441036 (base 7) in base 2?
-1001100010010110100
What is -1077366 (base 12) in base 11?
-1857a38
-1101110111110011110 (base 2) to base 9
-762474
Convert -101011001010011111001 (base 2) to base 8.
-5312371
ab751c (base 14) to base 7
100322635
What is -322414414 (base 5) in base 12?
-562759
Convert 32304302 (base 5) to base 11.
179055
What is -4371dd (base 14) in base 9?
-4263888
Convert 23736885 (base 9) to base 10.
11598386
23004200 (base 6) to base 4
2223011220
What is -1709795 (base 10) in base 9?
-3185352
What is 111110010